210 = 5*p, -3*k + 31*p + 52217 = 27*p. What is the hundreds digit of k?
4
What is the tens digit of (-2502)/(-278)*(-2 - 1*-4071)?
2
Suppose 0 = 9*o - 5*o - 120. Let d be (10/o)/((-1)/(-24)). Suppose 4*x = d*x - 96. What is the tens digit of x?
2
Let q(r) = 19*r**3 - 13*r**2 - 8*r - 3. What is the units digit of q(10)?
7
Let h = 23101 - 16271. What is the units digit of h?
0
Suppose -6565*r + 39240 = -6557*r. What is the hundreds digit of r?
9
Suppose -x - 4*k + 8347 = 0, 0 = -54*x + 52*x - 4*k + 16690. What is the units digit of x?
3
Let g(z) = 65*z**2 - 157*z + 3461. What is the thousands digit of g(25)?
0
Suppose -100*c + 5*j = -98*c - 16990, -4*c + 5*j + 34000 = 0. What is the tens digit of c?
0
Let i = 15923 + -4169. What is the tens digit of i?
5
Suppose -2*k - 18 + 98 = 0. Suppose 7*o + 5 = k. What is the tens digit of 1/(-4) + o + (-738)/(-8)?
9
Suppose -120029 - 720811 = -286*z. What is the thousands digit of z?
2
Let w = -420 + 1802. Suppose 5*i = 2678 + w. What is the units digit of i?
2
Suppose -q - 5*s = -25, 7*s = 9*s - 10. Suppose q = 5*p - 4*n + 20, -4*p - 3*n - 7 = -5*p. Let c = p + 53. What is the units digit of c?
5
Suppose 31*k - 8*k = 12834. Suppose 564*p - k*p = 4194. What is the units digit of p?
9
Let y(r) = -3*r**2 - 2*r. Let p be y(6). Suppose -19*k = -47*k - 6272. Let w = p - k. What is the tens digit of w?
0
Suppose 3*o + 5*l = 37089, 0 = -2*o + 4*l + 31756 - 7008. What is the units digit of o?
8
Suppose 197 = 13*f - 11*f + 5*w, 0 = -4*f - 3*w + 373. Suppose 84*k + 1918 = f*k. What is the units digit of k?
4
What is the thousands digit of 8299 + (150/24 - 2/40*5)?
8
Let f = 1 + -14. Let g = 71 + -83. What is the units digit of (f/(-2))/((3 - 5)/g)?
9
Suppose 20*l - 9228 = 6912. Let t = 284 + l. What is the thousands digit of t?
1
Suppose -16*c = 149 + 91. Let p(o) = -o**3 - 14*o**2 + 8*o - 8. What is the units digit of p(c)?
7
Let s = -286 - -274. What is the tens digit of (2*853)/(14 + s)?
5
Let i = 30 + -28. Suppose 0 = 5*m + i + 33. Let y(x) = -x**3 - 6*x**2 + 4*x - 3. What is the units digit of y(m)?
8
Suppose 0 = 6*x + 36*x - 1359634 + 117484. What is the ten thousands digit of x?
2
Let n = 96 + -37. Let t = n + -54. Suppose t*b + 0*x = -x + 565, -x = b - 109. What is the tens digit of b?
1
Let u = 4779 + -3193. Suppose -u = 17*x - 19*x - y, -2*x + 1580 = -2*y. What is the units digit of x?
2
Suppose 3*d = r - 40455, 325*r = 330*r + 2*d - 202292. What is the units digit of r?
8
Suppose 0 = x - v - 972, -4*v - 821 = -2*x + 1123. Suppose 91*h - 90*h - x = 0. What is the units digit of h?
2
Let q(o) = 4*o**2 - o. Let l be q(1). Let r(c) = 18*c + 72. Let k be r(-3). Suppose -l*u - k = -5*b + 2*b, 36 = 4*b + 2*u. What is the units digit of b?
8
Let g = -833 + 395. Let d = g + 479. What is the units digit of d?
1
Let s = -11571 + 16421. What is the hundreds digit of s?
8
Let x(z) = 17*z**2 + 3. Let s be x(2). Let c = s - 56. What is the units digit of c?
5
Suppose -2*p = -0*p - 2*v, -5*p + 3*v + 10 = 0. Suppose -10 = p*n, -3*z + 0*n = -3*n + 21. Let s(r) = -8*r - 9. What is the units digit of s(z)?
3
Let h = -70 + 72. Suppose -5*q = 4*k + 129, k - h*k = -4. Let j = -28 - q. What is the units digit of j?
1
Suppose -16180 = -5*s + 4*u, 43 = 3*u + 58. What is the units digit of s?
2
Suppose -308712 + 58569 = -63*v + 150096. What is the thousands digit of v?
6
Suppose 16*j - 501451 = -2*c - 1355, j - c - 31265 = 0. What is the hundreds digit of j?
2
Let i = -88 - -87. Let k be i + 17 - -1*2*-1. What is the tens digit of (1 + 92/8)*k/1?
7
Suppose 0 = -5*v - 5*q + 15350, 6070 = 3*v - 5*q - 3132. Suppose -5*r + 7920 = 5*k, -3*r - 4*k + v = -1680. What is the thousands digit of r?
1
Let r(v) = -761*v - 7. Let u be r(1). Let y = -125 - u. What is the units digit of y?
3
Let j = -213 + 221. Suppose j*h + 522 = 4826. What is the tens digit of h?
3
Let g = -4764 + 15385. What is the thousands digit of g?
0
Let v = 3 - -4. What is the tens digit of ((188 - 11) + 6)*v/3?
2
Let n = -14 + -2. Let i = -10 - n. What is the units digit of -1 - (i - 4) - -74?
1
Let b(k) = -k**2 - 6*k. Let l be b(-6). Let m be 1/2*(266 - -8). Suppose h = -4*f + m, -h + 2 - 5 = l. What is the tens digit of f?
3
Suppose -4*f + 8 = 2*y + 6, 2*f + 2 = 0. Suppose -6*l + y*l + 12 = 0. Suppose 5*u - 3*u - 266 = -3*z, 619 = 5*u - l*z. What is the hundreds digit of u?
1
Let r(m) = 128*m**2 + 26*m - 269. What is the units digit of r(6)?
5
Let u = 82626 - -4270. What is the tens digit of u?
9
Let a(f) be the second derivative of 83*f**5/20 + f**4/12 + f**3/3 - 3*f**2 - 6*f. Let k be a(2). Suppose 5*m + 131 = k. What is the units digit of m?
7
Suppose 0 = 5*f - 13 - 12, -33 = -2*a - 5*f. Suppose -a*l = -2*v - 7488, 3*l + 5621 = 6*l - 4*v. What is the thousands digit of l?
1
Suppose -136*g + 132*g = -2*x + 54538, g + 6 = 0. What is the hundreds digit of x?
2
Let h(p) = p**2 - 17*p + 30. Let o = -20 + 35. Let g be h(o). Suppose g = 4*i + 12, 0 = -3*m + 4*i + 33 + 48. What is the units digit of m?
3
Let l(v) = -50*v - 11. Let o(k) = k**2 + 6*k + 2. Let x be o(-6). Let r(b) = 501*b + 111. Let a(i) = x*r(i) + 21*l(i). What is the hundreds digit of a(-3)?
1
Let d = 5777 - 491. What is the tens digit of d?
8
Let c = 204 + -201. Suppose -c*b + 131 = -49. What is the tens digit of b?
6
Suppose 39*f = 34*f + 10. Let a(p) = 0*p + f*p**3 + 8*p**2 - 28*p**2 + p - 15 - p**3. What is the units digit of a(20)?
5
Let z = -26 + 29. Suppose 242 + 163 = z*b. Suppose 4*y - 689 = q - 142, -2*q = -y + b. What is the units digit of y?
7
Suppose 0 = 4*v + 4*h - 59760, 5*v - 51*h + 47*h - 74772 = 0. What is the thousands digit of v?
4
Let b(a) = a**3 - 66*a**2 + 254*a + 131. What is the tens digit of b(63)?
2
Let k = -386 - -546. Let o = -184 + 95. Let f = k + o. What is the tens digit of f?
7
Let o be ((-2)/(-3))/((-1)/(-3)). Let i(f) = 6*f**3 + f - 3. Let w be i(o). Suppose -52*k + 55 = -w*k. What is the tens digit of k?
1
What is the tens digit of (-391580)/(-60) + -1 + 1/3*5?
2
Suppose 0 = 4*h - 3*h - 5. Let x = -1535 - -1551. Suppose r = -w + h*r + 74, -x = 4*r. What is the units digit of w?
8
Suppose 597*h - 575*h - 76208 = 0. What is the units digit of h?
4
Suppose 2*q - 14 = -3*u, -4*u = -2*q - q + 4. Suppose -6 = -u*n - y, 5*n - 4*y + 2*y - 15 = 0. What is the tens digit of n/5 + (-1835)/(-25)?
7
Let t = -9513 + 19500. What is the thousands digit of t?
9
What is the hundreds digit of 5*(-108)/(-90) - -15437?
4
Let k = 38 + -42. Let d(n) = -3*n**3 + 5*n**2 - 12. Let m(l) = 4*l**3 - 5*l**2 - l + 11. Let v(u) = k*m(u) - 5*d(u). What is the tens digit of v(-7)?
8
Suppose -5*w + 20 = 0, -2*w = -3*j + 4*j - 6. Let n(i) = -632*i + 34. What is the units digit of n(j)?
8
Suppose -4*q + 795 + 1225 = 0. Let d = -388 + q. What is the tens digit of d?
1
Let z(n) = 1803*n + 77. Let x be z(11). Suppose -10*a - x = -21*a. What is the tens digit of a?
1
Suppose 0 = 33*a - 28*a - 25. Suppose 4*i + 3*m = 1030, -5*m + 547 = a*i - 738. What is the units digit of i?
9
Let x(g) = 2773*g**3 + 4*g**2 - 3*g + 3. What is the units digit of x(1)?
7
Let k = -4256 - -6041. Suppose 4*b = -b - k. Let w = -171 - b. What is the hundreds digit of w?
1
Let y(m) = -m**2 - 38*m + 27. Suppose s - 81 + 114 = 0. What is the units digit of y(s)?
2
Let f(j) = 31*j + 3 + 93 - 3*j + 0*j. What is the units digit of f(12)?
2
Let o = 568 - 415. Let w = 24 - -36. What is the hundreds digit of (o/(-5))/((-18)/w)?
1
Let q(n) = 477*n**3 + 5*n**2 + 5*n - 23. What is the hundreds digit of q(2)?
8
Let w(s) = 4*s**2 - 24*s + 8. Let u be w(6). Let b(p) = -23*p + 37*p**3 + 13 - 38*p**3 - 12*p**2 - u*p**2. What is the tens digit of b(-19)?
8
Let r = -92 - -154. Let w = 341 + r. What is the units digit of w?
3
Suppose 3*v + 4*i - 52811 = 0, -5*v + 88044 = 180*i - 177*i. What is the ten thousands digit of v?
1
Let i = -951 - -12881. What is the hundreds digit of i?
9
Suppose 4*n - 3*w = -14 - 1, 0 = n + 2*w - 10. Suppose -4*p + 5*p + 5*o - 250 = n, -4*o + 248 = p. What is the hundreds digit of p?
2
Let i(z) be the third derivative of z**4/24 + 17*z**3/3 + 235*z**2. Let v = -1 - -1. What is the units digit of i(v)?
4
Suppose 2*o + 6 = -4. What is the hundreds digit of o*(2 - (-2172)/(-15))?
7
Let c = 501 + -501. Suppose -10*a - a + 19206 